e 12?
-45279
What is 4073 (base 10) in base 15?
1318
111713 (base 8) to base 5
2202320
Convert 123f (base 16) to base 4.
1020333
What is 115a5 (base 13) in base 4?
13233322
Convert 9330 (base 12) to base 9.
23870
Convert 54 (base 15) to base 10.
79
What is -139a9 (base 13) in base 4?
-20333030
-387 (base 9) to base 8
-502
What is 2430 (base 7) in base 11?
751
What is -1a00 (base 11) in base 7?
-10260
-56d (base 15) to base 13
-736
What is 664 (base 8) in base 14?
232
What is 1406 (base 9) in base 7?
3042
-432 (base 11) to base 4
-20013
Convert 971a (base 12) to base 5.
1012312
What is -33400 (base 5) in base 6?
-14514
9910 (base 10) to base 7
40615
101100001110111 (base 2) to base 11
16019
-11011000111111 (base 2) to base 6
-144143
What is 2a3 (base 14) in base 2?
1000010111
-1001010001011111 (base 2) to base 15
-b3c3
-1410 (base 11) to base 7
-5216
7471 (base 8) to base 11
2a23
Convert -2834 (base 14) to base 7.
-26464
Convert -380a (base 14) to base 2.
-10011001010010
2255 (base 10) to base 8
4317
What is 1100101 (base 3) in base 9?
1311
What is 2926 (base 11) in base 4?
323003
What is 1a (base 14) in base 10?
24
What is 1001111 (base 2) in base 10?
79
-1011101110 (base 2) to base 3
-1000210
What is -8584 (base 14) in base 6?
-254412
Convert 110100111 (base 2) to base 16.
1a7
What is -1100111010011 (base 2) in base 12?
-39ab
Convert -120201222 (base 3) to base 15.
-35ee
Convert -424 (base 12) to base 10.
-604
Convert -263 (base 10) to base 14.
-14b
What is 399 (base 12) in base 10?
549
What is 56524 (base 9) in base 6?
450034
642 (base 12) to base 3
1020212
What is -1017 (base 8) in base 5?
-4102
Convert -12224 (base 5) to base 12.
-663
What is -17061 (base 8) in base 13?
-3697
Convert -130352 (base 8) to base 12.
-22262
-87a9 (base 16) to base 7
-203152
111000011011011 (base 2) to base 3
1110122001
-1101101010011 (base 2) to base 6
-52215
1011010000 (base 2) to base 16
2d0
What is 5662 (base 11) in base 12?
4389
Convert c74 (base 14) to base 10.
2454
5608 (base 13) to base 8
27347
2227 (base 13) to base 8
11235
-227 (base 13) to base 15
-19b
What is 3100131 (base 4) in base 11?
a029
547 (base 12) to base 4
30013
-22115 (base 7) to base 2
-1010110101101
-11157 (base 8) to base 2
-1001001101111
Convert 1200 (base 5) to base 16.
af
-2457 (base 8) to base 4
-110233
-102122211 (base 3) to base 12
-4b04
-74 (base 10) to base 11
-68
-3222 (base 7) to base 3
-1120100
-16777 (base 10) to base 15
-4e87
Convert -21c9 (base 15) to base 2.
-1101111111100
Convert -46 (base 8) to base 2.
-100110
-356 (base 12) to base 10
-498
-13 (base 8) to base 5
-21
Convert 2d98 (base 14) to base 9.
12177
What is 111135 (base 8) in base 11?
26173
-2524 (base 6) to base 10
-628
Convert 18d7 (base 16) to base 8.
14327
3342 (base 8) to base 9
2367
-ac98 (base 13) to base 11
-17140
77653 (base 8) to base 3
1122211111
What is -103321 (base 5) in base 10?
-3586
-18e (base 16) to base 3
-112202
-803 (base 9) to base 8
-1213
What is 13466 (base 11) in base 4?
10223312
What is -f87 (base 16) in base 3?
-12110020
2901 (base 15) to base 4
2021020
What is -2b5 (base 13) in base 14?
-26a
-3010 (base 7) to base 5
-13121
What is -960 (base 12) in base 4?
-111120
Convert -30662 (base 8) to base 15.
-3b82
What is -4cd2 (base 14) in base 4?
-3103020
-b423 (base 12) to base 9
-28810
What is 18b6 (base 12) in base 13?
14b2
Convert -18540 (base 11) to base 3.
-1022120200
2102221 (base 3) to base 16
6f4
-35a (base 11) to base 15
-1d8
What is -6713 (base 10) in base 11?
-5053
What is 223323 (base 4) in base 16?
afb
What is 5227 (base 8) in base 4?
222113
What is 1338 (base 16) in base 11?
3773
What is 1580 (base 9) in base 4?
102312
What is 1110122 (base 3) in base 11?
893
Convert -35006 (base 9) to base 6.
-300010
What is -ac86 (base 14) in base 12?
-15386
ac44 (base 13) to base 2
101110111110110
Convert 102300 (base 4) to base 13.
714
Convert -28a7 (base 11) to base 4.
-322203
What is -12206 (base 11) in base 8?
-42217
What is 33322 (base 6) in base 2?
1001000110010
What is db06 (base 14) in base 5?
2202314
-101010000100110 (base 2) to base 14
-7bca
4a3 (base 15) to base 2
10000011101
Convert -72a (base 11) to base 13.
-528
145040 (base 7) to base 12
14362
-332131 (base 4) to base 11
-3004
Convert 15240 (base 7) to base 13.
1c14
11388 (base 11) to base 15
4d06
-1010000111 (base 2) to base 6
-2555
-295 (base 14) to base 11
-436
1bd0 (base 16) to base 4
1233100
20174 (base 10) to base 12
b812
Convert 181d (base 14) to base 13.
1c8a
What is -13146 (base 15) in base 11?
-41952
Convert -1022031 (base 4) to base 6.
-33553
-210143 (base 5) to base 14
-2747
What is 21223333 (base 4) in base 8?
115377
Convert 40300 (base 10) to base 4.
21311230
-650 (base 13) to base 5
-13304
Convert 31022 (base 6) to base 5.
112433
31222 (base 4) to base 6
4014
Convert -57143 (base 11) to base 8.
-241402
Convert 1011010001011010 (base 2) to base 8.
132132
What is -35246 (base 8) in base 6?
-153302
Convert -3132233 (base 4) to base 3.
-201112222
-1714 (base 11) to base 2
-100010010001
What is 2472 (base 16) in base 8?
22162
135b (base 14) to base 11
2623
-101100001011110 (base 2) to base 15
-6a82
30313 (base 6) to base 12
2399
What is 14768 (base 11) in base 3?
1001122120
What is 101000001010000 (base 2) in base 13?
9487
1100 (base 9) to base 10
810
What is 13751 (base 13) in base 5?
2131101
2b1a (base 12) to base 2
1001111000110
Convert 895 (base 13) to base 2.
10111000010
-33302 (base 8) to base 7
-55604
421 (base 9) to base 5
2333
What is 210021001 (base 3) in base 10?
15499
Convert 2c8 (base 13) to base 16.
1f6
Convert 671 (base 10) to base 16.
29f
What is -44813 (base 9) in base 13?
-1075b
What is 718 (base 10) in base 9?
877
What is d553 (base 14) in base 8?
107565
Convert -412 (base 5) to base 8.
-153
What is 11110 (base 5) in base 6?
3340
Convert -110100110 (base 2) to base 4.
-12212
Convert -48b (base 13) to base 2.
-1100010111
-28939 (base 13) to base 15
-178e7
2101 (base 5) to base 11
231
What is -810 (base 12) in base 8?
-2214
-234 (base 7) to base 6
-323
a5 (base 16) to base 15
b0
Convert -32131 (base 4) to base 15.
-41a
What is -506 (base 11) in base 10?
-611
Convert -850 (base 9) to base 2.
-1010110101
Convert -1110 (base 3) to base 9.
-43
-23 (base 13) to base 15
-1e
What is -735 (base 8) in base 15?
-21c
Convert -1320 (base 11) to base 9.
-2316
Convert -100212 (base 4) to base 16.
-426
-be9 (base 16) to base 2
-101111101001
-23b (base 13) to base 3
-112101
What is 1a583 (base 12) in base 5?
2220320
Convert -646 (base 14) to base 3.
-1200212
Convert 4f31 (base 16) to base 15.
6018
Convert 2e0 (base 16) to base 12.
514
Convert 2201012 (base 4) to base 3.
112010212
What is 110011 (base 4) in base 15?
5aa
16a1 (base 15) to base 14
1ac4
What is 1000100101010111 (base 2) in base 4?
20211113
-2786 (base 11) to base 13
-1842
382 (base 9) to base 8
475
471 (base 13) to base 7
2145
110412 (base 7) to base 13
8ab4
Convert -1208 (base 9) to base 16.
-383
Convert -180 (base 14) to base 11.
-260
What is -5290 (base 13) in base 10?
-11440
1131 (base 7) to base 9
510
What is -101111001 (base 2) in base 15?
-1a2
1441421 (base 5) to base 11
21206
-4312 (base 5) to base 15
-28c
Convert -50 (base 11) to base 14.
-3d
-2367 (base 8) to base 10
-1271
What is -223 (base 12) in base 10?
-315
What is -12210002 (base 3) in base 12?
-2532
What is -2576 (base 9) in base 15?
-88c
Convert 1311211 (base 4) to base 6.
54501
Convert -11a4 (base 14) to base 7.
-11664
-125311 (base 6) to base 15
-365d
Convert -886 (base 10) to base 15.
-3e1
-6271 (base 11) to base 14
-3054
Convert 13032 (base 4) to base 3.
122010
-272a3 (base 11) to base 15
-b81e
Convert -20012110 (base 3) to base 14.
-190d
-112012 (base 3) to base 15
-1a8
Convert 11001011100 (base 2) to base 4.
121130
What is -133c (base 13) in base 9?
-3701
What is 32aa (base 11) in base 16?
1103
What is 3c0 (base 16) in base 14?
4c8
Convert 67 (base 9) to base 4.
331
What is -585 (base 10) in base 7?
-1464
Convert -1714 (base 13) to base 6.
-23421
Convert 64775 (base 9) to base 12.
20a05
What is 241022 (base 5) in base 10?
8887
What is -184 (base 16) in base 12?
-284
What is -2557 (base 8) in base 9?
-1815
What is 1000010010000011 (base 2) in base 13?
12596
What is 122122 (ba